0 - j**5/60 - j**4/6 - j. Let p(l) be the third derivative of o(l). Is p(-2) a prime number?
False
Let w = -2168 + 4367. Is w a prime number?
False
Let g = 5 + -2. Suppose -y + 2 = -g. Suppose -5*s - y*u = -50, 0*u + 4*u + 51 = 3*s. Is s prime?
True
Suppose -4*u + 2*n + 0*n + 7610 = 0, u - 1892 = -3*n. Is u a composite number?
False
Suppose 5*u = 3*u + 844. Is u a composite number?
True
Suppose -q = -3*v - 0*q + 9, -2*q = 0. Let g = 176 + v. Is g prime?
True
Let r(k) = -k**3 + 7*k + 7. Let f(i) = i**2 + 8*i - 5. Let s be f(-8). Is r(s) a composite number?
False
Let m = 175 - 16. Let o = m - -4. Is o a composite number?
False
Let m(d) = -2*d**2. Let s be m(1). Let n(z) = -z**3 + 2*z**2 + 3*z + 2. Let p be n(s). Suppose k + 5 = p. Is k a composite number?
False
Suppose f = 5*n - f - 15193, -2*n + 6078 = -f. Is n composite?
False
Let q be 0 - (0 - 1 - 34). Let l be q/(-5)*(-2 - -1). Is 2/((-12)/l - -2) a prime number?
True
Let a be 39/4 + 3/(-4). Is 1668/a + (-2)/6 a prime number?
False
Let v be (-4)/1 - (12 - 0). Let k(d) = d**3 + 15*d**2 - 19*d - 11. Is k(v) composite?
False
Let w = -3 + 1. Let x be 3 + -1 + (-4)/w. Suppose -85 = -2*j - 0*j - 3*t, 176 = 4*j + x*t. Is j prime?
True
Is ((-2)/(-6))/((-8)/(-5640)*5) composite?
False
Is 1689/18 - 0 - 17/(-102) a prime number?
False
Let c = -86 - 7. Let k be 5*(0 - c)*1. Suppose m = -3*y + 101, -5*y - k = m - 6*m. Is m composite?
True
Let q(m) = m**3 + 9*m**2 + 6*m + 3. Is q(-7) a prime number?
True
Is -4106*-1*2/4 composite?
False
Suppose 0 = 5*t + 4*n - 2564, -3*n + 2557 = 5*t - 6*n. Suppose -4*j - t = -4*l, -3*l - 2*l = -j - 636. Is l composite?
False
Suppose 1395 = -2*t + 3517. Is t a composite number?
False
Suppose -1317 = -6*f + 3*f. Is f composite?
False
Is (-65883)/(-12) + (-15)/12 composite?
True
Suppose -4*g = 12, 2*f + 4*g - 943 = -3*f. Is f prime?
True
Let s be (-15)/2*(-28)/(-35). Let q(z) = -12*z + 5. Is q(s) composite?
True
Suppose -19*a = -20*a + 290. Let k = 49 + a. Is k prime?
False
Suppose z - 521 = -m, -4*z + 3*m = -9*z + 2605. Is z a composite number?
False
Let s(c) = c**3 - c**2 - c + 127. Let g be s(0). Let z = -214 - g. Let j = -214 - z. Is j prime?
True
Is (-6)/(-33) - 471*2/(-22) composite?
False
Let m = 226 - 25. Is m a prime number?
False
Suppose -3*m + 43 + 96 = -5*b, -220 = -4*m - 2*b. Is m a composite number?
False
Suppose -4*n = -n. Let h be n/3 + -1 + 0. Is h + (-4)/(-2) + 48 a composite number?
True
Let q(s) = s**3 - 15*s**2 - 9*s + 21. Is q(16) a composite number?
True
Let n = 132 - -117. Is n a prime number?
False
Let p = 150 + 96. Suppose -5*b = f - 432, -6*f + p = 3*b - f. Is b a composite number?
True
Is 6/10 - ((-12520)/25)/2 composite?
False
Suppose -3*w + 3*u = -7998, -5*w + 4*u + 3511 = -9822. Is w prime?
False
Suppose -w - 660 = 3*w. Let n = -88 - w. Is n prime?
False
Let i(y) = -218*y - 5. Is i(-3) prime?
False
Let d(s) = s**3 + 6*s**2 - s - 4. Let u be d(-7). Is 1 - u/(3/3) a prime number?
True
Suppose -5 = -3*v - 2*v, -v - 749 = -3*q. Suppose -4*j + 4*s + 360 = 0, -3*j + q = -0*j + s. Is j prime?
False
Let i = 53 + -32. Is i composite?
True
Suppose -5*h + 5*q + 1725 = -0*q, h - 341 = 5*q. Is h a prime number?
False
Let v = -57 - -134. Is v prime?
False
Let h = 2 + 1. Let n(o) = o. Let y be n(h). Suppose -23 = -5*z - 4*u, 3*u = y*z + u - 27. Is z composite?
False
Suppose -2*u - 4 = -4*u. Is 1/u - (-1243)/22 composite?
True
Let q(y) = 17*y + 4. Let z(t) = t + 1. Let p(h) = -q(h) + 6*z(h). Let g(a) = 34*a - 6. Let k(i) = 2*g(i) + 7*p(i). Is k(-9) composite?
False
Is -3 - (-2)/(-3)*(-1998)/6 a prime number?
False
Suppose 2*p - 7*p = -5. Suppose -2*n - 4 = -0*n. Is ((-147)/6)/(p/n) a composite number?
True
Suppose 3*d = 8*d + 10. Is (148/(-6))/(d/6) composite?
True
Let h = 500 + -357. Is h a prime number?
False
Is (-11730)/(-20) + 2/4 a prime number?
True
Suppose 0 = 3*t - 2 - 10. Let n be 0*(2 - (0 - -1)). Suppose n = 3*h - 9, -2*h + t*h - 192 = -3*y. Is y a composite number?
True
Is 80 - -4 - (4 + -3) a composite number?
False
Suppose 2*v - 1 = r, 5*v - 4*r = r. Let k(a) = 75*a - 1. Is k(v) a prime number?
False
Let u = -30 - -150. Suppose 3 - u = -3*d. Is d prime?
False
Let i = -34 - -51. Suppose -y = -14 - i. Is y a prime number?
True
Let w be (1*-6)/(3/3). Let u(t) = -7*t - 3. Is u(w) a composite number?
True
Let j be (58/3)/(5/30). Is j - (5 + -4)/1 a prime number?
False
Suppose k - 10 = -5. Suppose k*x = 690 - 75. Is x a prime number?
False
Let l(a) = -a**3 - 4*a**2 - 2*a + 2. Let y be l(-3). Is 226/2 + 1 + y a prime number?
True
Suppose -2*m + 5*s = 3*s - 1406, m - 723 = -4*s. Is m composite?
True
Let y(l) = 2*l**3 + 3*l**2 + 6*l + 1. Is y(10) composite?
True
Suppose 3*m - 2*v - 39 = 7, -3*m - v + 31 = 0. Suppose -2*c + m = c + 3*l, 4*c + 2 = 5*l. Let t = c - -63. Is t prime?
False
Let r(z) = 2*z**2 - 16*z - 67. Is r(-27) a prime number?
True
Let r(k) = 66*k**2 + 2*k + 1. Suppose -44 = u + 3*u. Let s(q) = q + 10. Let t be s(u). Is r(t) composite?
True
Let i = -117 + 220. Is i prime?
True
Suppose -191 = -5*u + 324. Is u composite?
False
Suppose 1 + 11 = m. Suppose 2*b - 4*b + m = 0. Is b prime?
False
Suppose 3*t - 12512 = -5*j, -2*j - t + 2502 = -j. Is j prime?
True
Let l(b) = 4*b**2 - 10*b + 3. Let f be l(8). Suppose 5*r + f = -2*n + 778, -5*r - 5*n + 605 = 0. Is r a composite number?
True
Is 1/(212/(-71) + 1 + 2) composite?
False
Suppose -1181 = -21*w + 20*w. Is w composite?
False
Let c(z) = -z - 10. Let a be c(-13). Suppose 0 = 2*p - a*p + 22. Is p prime?
False
Suppose 0 = -5*i - o + 575, 4*o + 345 = 3*i - 0*i. Is i a composite number?
True
Let r(z) = -773*z**3 - 2*z**2 + z + 1. Is r(-1) a composite number?
True
Let m = 306 + -435. Let x = -6 + 0. Is (x/9)/(2/m) prime?
True
Let t(y) be the first derivative of y**3 - 3*y**2/2 - 3*y - 2. Is t(4) a prime number?
False
Let p(b) = 46*b + 9. Let i(o) = o**3 + 10*o**2 + 8*o - 2. Let k be i(-9). Is p(k) a prime number?
True
Let w = 3244 + -303. Is w composite?
True
Let c(r) be the first derivative of 10*r**3/3 + 2*r**2 + 7*r - 2. Is c(-7) a composite number?
True
Let w(f) = -f. Let p be w(-3). Is (-1)/((p/(-139))/3) prime?
True
Let g(z) = z**3 + 6*z**2 + 3*z - 4. Let j be g(-8). Is -1 + (j/(-2))/1 prime?
False
Let y(k) = -k**3 + 4*k**2 + k + 1. Let l be y(4). Is 578/l - 18/30 prime?
False
Suppose -2*n + n + 769 = 0. Suppose -2*y + 4*j = -0*y - 330, 4*j = -5*y + n. Is y composite?
False
Let b = 9 + -2. Is (-2)/b + 1250/14 a prime number?
True
Suppose 0 = -3*s + 5*i - 25, 1 = 2*s - i + 6. Let v(q) = q + 79. Is v(s) composite?
False
Let j(b) = -6*b**3 + 15*b**2 - 13*b + 8. Let t(o) = -5*o**3 + 14*o**2 - 13*o + 9. Let c(v) = 4*j(v) - 5*t(v). Is c(9) a prime number?
True
Suppose -f + 2*i - 154 = -5*f, 3*i + 65 = 2*f. Suppose 3*b = -6, -f + 129 = 2*l + 4*b. Suppose l = 4*j + j. Is j prime?
False
Let h be (15/(-10))/(6/(-32)). Suppose -5*v + 83 = 13. Let j = v - h. Is j a prime number?
False
Let a(g) = g**2 - 6*g + 2. Let y be a(6). Suppose y*n - 131 = 99. Is n a composite number?
True
Let l(u) = 6*u - 1. Let z = 1 + 0. Let q be l(z). Suppose -5*r + 42 + 26 = 2*x, q*r + 10 = 0. Is x composite?
True
Let f(z) = -z**3 + 11*z**2 - 4*z + 13. Suppose -5*c + 3*s = -36, -2*c = 3*s + 4 - 31. Let v be f(c). Suppose v = 4*k - 393. Is k a composite number?
True
Suppose -3*t = 2*t - 45. Suppose 4*o + 12 = -3*k, 5*k + 0*o - t = 3*o. Suppose k = j - 0*j + 2*d - 19, -d + 17 = j. Is j a prime number?
False
Let o = 205 + 130. Is o prime?
False
Let i(k) = 11*k + 8. Let v be i(-7). Let c = -121 - v. Let p = c + 86. Is p a prime number?
False
Let k(p) = -6*p**3 + 2*p**2 + 4*p + 2. Let o(y) = 13*y**3 - 3*y**2 - 7*y - 3. Let m(u) = 5*k(u) + 3*o(u). Let g = -2 + 3. Is m(g) a prime number?
False
Suppose 0 = -3*j + 6*j - 4605. Is j a prime number?
False
Suppose 2*r = c + 3*c, -2*c = -5*r + 16. Suppose 8 = 5*h + 2*o, -2*h = -r*h + 2*o - 8. Suppose 31 = k - h*k. Is k composite?
False
Suppose -4*z + 7 - 3 = 0. Suppose 2*y - z = 77. Is y a prime number?
False
Suppose 18998 = 13*u - 957. Is u composite?
True
Let t(f) = -f**2 - 9*f + 2. Let c be t(-9). Suppose q + c*q = 357. Is q prime?
False
Let d(w) = 2*w**2 + 6*w + 5. Let f be d(-9). Suppose 0 = 3*u - f - 13. Suppose -3*i + 69 = -u. Is i a composite number?
False
Let h = -20 + 13. Let y(